{"id":2366,"date":"2023-11-21T18:45:30","date_gmt":"2023-11-21T17:45:30","guid":{"rendered":"https:\/\/do8ail.bplaced.net\/igaf\/wordpress\/?page_id=2366"},"modified":"2025-11-13T06:35:54","modified_gmt":"2025-11-13T05:35:54","slug":"cq-runde","status":"publish","type":"page","link":"http:\/\/do8ail.bplaced.net\/igaf\/wordpress\/?page_id=2366","title":{"rendered":"CQ Runde"},"content":{"rendered":"<h5>Moin&#8230; Moin&#8230;73 und willkommen auf unserer CQ Runden Aktivit\u00e4ts Infoseite<\/h5>\n<p>Auf mehrfachen Wunsch von SWL und OM ist diese Info, zur Erl\u00e4uterung unserer<br \/>\nTripel 6 CQ Runden Aktivit\u00e4t entstanden.<\/p>\n<p>Was ist die CQ Runde ?<\/p>\n<p>Einfach&#8230; Wir, die Stationen der &#8218;Tripel 6 Runde&#8216; rufen gemeinsam CQ auf 3666khz<br \/>\nund versuchen auf alle anrufenden Stationen zu entgegnen. Die Anrufer werden<br \/>\nin der Runde &#8218;herumgereicht&#8216; und erhalten so die M\u00f6glichkeit Rapporte aus der<br \/>\nganzen Bundesrepublik zu bekommen und &#8230;.<\/p>\n<p>ebenfalls, bei Bedarf, eure Stationen oder euer Equipment zu testen wie :<\/p>\n<p>&#8230;&#8230; neues Mikrofon testen oder einstellen<br \/>\n&#8230;&#8230; Antenne neu aufgebaut<br \/>\n&#8230;&#8230; neuer Equalizer ist eingetroffen<br \/>\n&#8230;&#8230; vertical oder sonstige Antenne gebaut und testen<br \/>\n&#8230;&#8230; die PA ist repariert &#8230; geht sie gut oder nicht<br \/>\n&#8230;&#8230; Kompressoreinstellung ok oder nicht<br \/>\n&#8230;&#8230; mobilerweise unterwegs und verschiedene Antennen testen<br \/>\n&#8230;&#8230; QRP und &#8217;nicht zu h\u00f6ren&#8216; &#8230; hier schon !<br \/>\n&#8230;&#8230; du bist noch DN ? &#8230; Willkommen in der CQ Runde !<br \/>\n&#8230;&#8230; Powertest mit und ohne &#8218;Brate&#8216;<br \/>\n&#8230;&#8230; portabler Weise QRV im Urlaub oder beim Camping<\/p>\n<p>Es ist f\u00fcr alles Zeit&#8230; Es versteht sich von selbst das allein dieser Umstand<br \/>\nf\u00fcr Anrufer auch einmal zu etwas &#8218;warten&#8216; verdonnert. Aber das ist es uns wert.<br \/>\nNicht nur 5 and 9 QSO zu machen und damit auch unsere Runde zu bereichern.<\/p>\n<p>Wir hoffen Ihr habt genau so viel Spa\u00df daran wie wir alle &#8230;.<\/p>\n<p>Wir h\u00f6ren uns auf der Tripel 6 &#8230;.. CQ 80m CQ 80m &#8230;. CQ Triple 6 &#8230;<\/p>\n<p>Euer Tripel 6 Team<\/p>\n","protected":false},"excerpt":{"rendered":"<p>Moin&#8230; Moin&#8230;73 und willkommen auf unserer CQ Runden Aktivit\u00e4ts Infoseite Auf mehrfachen Wunsch von SWL und OM ist diese Info, zur Erl\u00e4uterung unserer Tripel 6 CQ Runden Aktivit\u00e4t entstanden. Was ist die CQ Runde ? Einfach&#8230; Wir, die Stationen der &#8218;Tripel 6 Runde&#8216; rufen gemeinsam CQ auf 3666khz und versuchen auf alle anrufenden Stationen zu [&hellip;]<\/p>\n","protected":false},"author":1,"featured_media":0,"parent":0,"menu_order":0,"comment_status":"closed","ping_status":"closed","template":"","meta":{"footnotes":""},"class_list":["post-2366","page","type-page","status-publish","hentry"],"_links":{"self":[{"href":"http:\/\/do8ail.bplaced.net\/igaf\/wordpress\/index.php?rest_route=\/wp\/v2\/pages\/2366","targetHints":{"allow":["GET"]}}],"collection":[{"href":"http:\/\/do8ail.bplaced.net\/igaf\/wordpress\/index.php?rest_route=\/wp\/v2\/pages"}],"about":[{"href":"http:\/\/do8ail.bplaced.net\/igaf\/wordpress\/index.php?rest_route=\/wp\/v2\/types\/page"}],"author":[{"embeddable":true,"href":"http:\/\/do8ail.bplaced.net\/igaf\/wordpress\/index.php?rest_route=\/wp\/v2\/users\/1"}],"replies":[{"embeddable":true,"href":"http:\/\/do8ail.bplaced.net\/igaf\/wordpress\/index.php?rest_route=%2Fwp%2Fv2%2Fcomments&post=2366"}],"version-history":[{"count":12,"href":"http:\/\/do8ail.bplaced.net\/igaf\/wordpress\/index.php?rest_route=\/wp\/v2\/pages\/2366\/revisions"}],"predecessor-version":[{"id":2800,"href":"http:\/\/do8ail.bplaced.net\/igaf\/wordpress\/index.php?rest_route=\/wp\/v2\/pages\/2366\/revisions\/2800"}],"wp:attachment":[{"href":"http:\/\/do8ail.bplaced.net\/igaf\/wordpress\/index.php?rest_route=%2Fwp%2Fv2%2Fmedia&parent=2366"}],"curies":[{"name":"wp","href":"https:\/\/api.w.org\/{rel}","templated":true}]}}