{"id":2629,"date":"2024-04-13T18:30:42","date_gmt":"2024-04-13T16:30:42","guid":{"rendered":"https:\/\/do8ail.bplaced.net\/igaf\/wordpress\/?page_id=2629"},"modified":"2024-04-14T08:48:28","modified_gmt":"2024-04-14T06:48:28","slug":"opengd77-hotspot-teil-2","status":"publish","type":"page","link":"http:\/\/do8ail.bplaced.net\/igaf\/wordpress\/?page_id=2629","title":{"rendered":"OpenGD77 Hotspot Teil 2"},"content":{"rendered":"<p>Als Nachtrag zu unserem\u00a0Bericht\u00a0bzgl. des Radiodditty GD-77 als High Power Hotspot, hier nun ein Bastelbericht.<\/p>\n<p>Beschafft werden musste ein RPI Zero W, ein GD-77, eine Micro SDR-Karte, OTG USB Adapter,\u00a0 Netzteil und ein Geh\u00e4use f\u00fcr den Pi.<\/p>\n<p>Pi war vorhanden, Netzteil ebenfalls und ein Geh\u00e4use dank 3D Druckers ebenfalls schnell auf dem Tisch. GD-77 eingekauft und mit der Firmware\u00a0 Open GD-77 von\u00a0<a href=\"https:\/\/www.rogerclark.net\/\" target=\"_blank\" rel=\"noopener\">Roger Clark<\/a>\u00a0geflasht.<\/p>\n<p>Bei einem\u00a0<a href=\"https:\/\/www.amazon.de\/Raspberry-Zero-Wireless-Essentials-Kit\/dp\/B06XCYGP27\" target=\"_blank\" rel=\"noopener\">Online Einkaufshaus<\/a>\u00a0gab es dieses sch\u00f6ne Set, mit allem was man braucht, au\u00dfer der SD Karte und Netzteil. Ich hatte aber noch eine 16 GB (no Name China) rumliegen. Netzteil ebenfalls (altes Handyladeger\u00e4t).<\/p>\n<p><img loading=\"lazy\" decoding=\"async\" class=\"alignnone size-full wp-image-2490\" src=\"https:\/\/h05.bplaced.net\/wordpress\/wp-content\/uploads\/2020\/02\/Zerow.jpg\" sizes=\"auto, (max-width: 466px) 100vw, 466px\" srcset=\"https:\/\/h05.bplaced.net\/wordpress\/wp-content\/uploads\/2020\/02\/Zerow.jpg 466w, https:\/\/h05.bplaced.net\/wordpress\/wp-content\/uploads\/2020\/02\/Zerow-275x300.jpg 275w\" alt=\"\" width=\"466\" height=\"509\" \/><\/p>\n<p>Oder auch\u00a0<a href=\"https:\/\/geizhals.de\/raspberry-pi-zero-w-a1585318.html\" target=\"_blank\" rel=\"noopener\">HIER<\/a><\/p>\n<p>Ein Geh\u00e4use habe ich mir per 3D Drucker ausgedruckt. Die STL Datei gibt es auf\u00a0<a href=\"https:\/\/www.thingiverse.com\/thing:1167846\" target=\"_blank\" rel=\"noopener\">Thingiverse<\/a>, ein sch\u00f6nes Cover ohne Schrauben etc. Druckzeit ca. 1 STD.<\/p>\n<p><img loading=\"lazy\" decoding=\"async\" class=\"alignnone wp-image-2498\" src=\"https:\/\/h05.bplaced.net\/wordpress\/wp-content\/uploads\/2020\/02\/Case.jpg\" sizes=\"auto, (max-width: 468px) 100vw, 468px\" srcset=\"https:\/\/h05.bplaced.net\/wordpress\/wp-content\/uploads\/2020\/02\/Case.jpg 628w, https:\/\/h05.bplaced.net\/wordpress\/wp-content\/uploads\/2020\/02\/Case-300x225.jpg 300w\" alt=\"\" width=\"468\" height=\"352\" \/><\/p>\n<p>War allerdings nicht n\u00f6tig (Netzteil auch nicht), da der Pi dann doch in den Standlader des GD-77 integriert wurde und auch von dort mit einer kleinen Schaltung (Stepdownconverter) mit 5V DC versorgt wird. Wer also noch ein Cover ben\u00f6tigt\u2026..hi<\/p>\n<h3><strong>Umbau nach\u00a0\u00a0<span class=\"fwn fcg\"><span class=\"fwb fcg\" data-ft=\"{&quot;tn&quot;:&quot;;&quot;}\">Francesco Casertano, IK8JHL<\/span><\/span><\/strong><\/h3>\n<p><span lang=\"de\">Indem ich die Ladestation so modifiziert habe, dass der Pi Zero W direkt darin eingesetzt werden kann, musste ich die urspr\u00fcngliche Ladeschaltung durch eine TP5100 ersetzen, ein LM2596-Modul hinzuf\u00fcgen, um die Spannung bei 5 V zu stabilisieren, um den Pi Zero mit Strom zu versorgen.<\/span><\/p>\n<p>Alles ein wenig isoliert, Geh\u00e4use f\u00fcr das USB Kabel ausklinken und fertig.<\/p>\n<p><img loading=\"lazy\" decoding=\"async\" class=\"alignnone size-full wp-image-2620\" src=\"https:\/\/h05.bplaced.net\/wordpress\/wp-content\/uploads\/2020\/02\/Spannung.jpg\" sizes=\"auto, (max-width: 960px) 100vw, 960px\" srcset=\"https:\/\/h05.bplaced.net\/wordpress\/wp-content\/uploads\/2020\/02\/Spannung.jpg 960w, https:\/\/h05.bplaced.net\/wordpress\/wp-content\/uploads\/2020\/02\/Spannung-300x225.jpg 300w, https:\/\/h05.bplaced.net\/wordpress\/wp-content\/uploads\/2020\/02\/Spannung-768x576.jpg 768w\" alt=\"\" width=\"960\" height=\"720\" \/><\/p>\n<p>Auch das Netzteil wurde auf ein 2A Netzteil aufger\u00fcstet.<\/p>\n<p><img loading=\"lazy\" decoding=\"async\" class=\"alignnone wp-image-2619\" src=\"https:\/\/h05.bplaced.net\/wordpress\/wp-content\/uploads\/2020\/02\/Lader.jpg\" sizes=\"auto, (max-width: 447px) 100vw, 447px\" srcset=\"https:\/\/h05.bplaced.net\/wordpress\/wp-content\/uploads\/2020\/02\/Lader.jpg 720w, https:\/\/h05.bplaced.net\/wordpress\/wp-content\/uploads\/2020\/02\/Lader-225x300.jpg 225w\" alt=\"\" width=\"447\" height=\"596\" \/><\/p>\n<p>Nun noch Minischalter zur Abschaltung des Pi und fertig.<\/p>\n<p><img loading=\"lazy\" decoding=\"async\" class=\"alignnone wp-image-2630\" src=\"https:\/\/h05.bplaced.net\/wordpress\/wp-content\/uploads\/2020\/02\/SwitchPi-1024x768.jpg\" sizes=\"auto, (max-width: 458px) 100vw, 458px\" srcset=\"https:\/\/h05.bplaced.net\/wordpress\/wp-content\/uploads\/2020\/02\/SwitchPi-1024x768.jpg 1024w, https:\/\/h05.bplaced.net\/wordpress\/wp-content\/uploads\/2020\/02\/SwitchPi-300x225.jpg 300w, https:\/\/h05.bplaced.net\/wordpress\/wp-content\/uploads\/2020\/02\/SwitchPi-768x576.jpg 768w, https:\/\/h05.bplaced.net\/wordpress\/wp-content\/uploads\/2020\/02\/SwitchPi.jpg 1280w\" alt=\"\" width=\"458\" height=\"344\" \/><\/p>\n<p><em>Bilder mit freundlicher Genehmigung von IK8JHL,\u00a0<span class=\"fwn fcg\"><span class=\"fwb fcg\" data-ft=\"{&quot;tn&quot;:&quot;;&quot;}\">Francesco Casertano (CU on FB 73, Tom)<\/span><\/span><\/em><\/p>\n<p>Auf die SD Karte das neuste Pi-Star Image geflasht, mit dem Pi verheiratet.<\/p>\n<p>Bitte die geflashte Pi-Star Software \u00fcber das Pi Star Dashboard aktualisieren und dann nachtr\u00e4glich das Modem OpenGD77 ausw\u00e4hlen\u2026\u2026Einstellungen vorgenommen und dann ins \u201cNetz\u201d gestellt.<\/p>\n<p>&nbsp;<\/p>\n<p>Fazit: Wer schon ein GD-77 besitzt, kommt sehr g\u00fcnstig zu einem Hotspot.<\/p>\n<p>Raspberry Pi ab 12 Euro, SD Karte 3-5 Euro, Netzteil 4 Euro, OTG Apapter 4 Euro.<\/p>\n<p>Macht in Summe max.25 Euronen, Ein Essen beim Italiener ist teurer. Greets to\u00a0<em><span class=\"fwn fcg\"><span class=\"fwb fcg\" data-ft=\"{&quot;tn&quot;:&quot;;&quot;}\">Francesco<\/span><\/span><\/em><\/p>\n<p>25 Euro f\u00fcr einen Powerhotspot, Spa\u00df beim basteln und die YL ist auch zufrieden.<\/p>\n<p>Ein abschlie\u00dfender Test mit\u00a0<em>Hans (DG4OP)<\/em>\u00a0hat die gute Funktion best\u00e4tigt.<\/p>\n<p>Viel Spa\u00df beim basteln\u2026<\/p>\n","protected":false},"excerpt":{"rendered":"<p>Als Nachtrag zu unserem\u00a0Bericht\u00a0bzgl. des Radiodditty GD-77 als High Power Hotspot, hier nun ein Bastelbericht. Beschafft werden musste ein RPI Zero W, ein GD-77, eine Micro SDR-Karte, OTG USB Adapter,\u00a0 Netzteil und ein Geh\u00e4use f\u00fcr den Pi. Pi war vorhanden, Netzteil ebenfalls und ein Geh\u00e4use dank 3D Druckers ebenfalls schnell auf dem Tisch. GD-77 eingekauft [&hellip;]<\/p>\n","protected":false},"author":1,"featured_media":0,"parent":0,"menu_order":0,"comment_status":"closed","ping_status":"closed","template":"","meta":{"footnotes":""},"class_list":["post-2629","page","type-page","status-publish","hentry"],"_links":{"self":[{"href":"http:\/\/do8ail.bplaced.net\/igaf\/wordpress\/index.php?rest_route=\/wp\/v2\/pages\/2629","targetHints":{"allow":["GET"]}}],"collection":[{"href":"http:\/\/do8ail.bplaced.net\/igaf\/wordpress\/index.php?rest_route=\/wp\/v2\/pages"}],"about":[{"href":"http:\/\/do8ail.bplaced.net\/igaf\/wordpress\/index.php?rest_route=\/wp\/v2\/types\/page"}],"author":[{"embeddable":true,"href":"http:\/\/do8ail.bplaced.net\/igaf\/wordpress\/index.php?rest_route=\/wp\/v2\/users\/1"}],"replies":[{"embeddable":true,"href":"http:\/\/do8ail.bplaced.net\/igaf\/wordpress\/index.php?rest_route=%2Fwp%2Fv2%2Fcomments&post=2629"}],"version-history":[{"count":3,"href":"http:\/\/do8ail.bplaced.net\/igaf\/wordpress\/index.php?rest_route=\/wp\/v2\/pages\/2629\/revisions"}],"predecessor-version":[{"id":2636,"href":"http:\/\/do8ail.bplaced.net\/igaf\/wordpress\/index.php?rest_route=\/wp\/v2\/pages\/2629\/revisions\/2636"}],"wp:attachment":[{"href":"http:\/\/do8ail.bplaced.net\/igaf\/wordpress\/index.php?rest_route=%2Fwp%2Fv2%2Fmedia&parent=2629"}],"curies":[{"name":"wp","href":"https:\/\/api.w.org\/{rel}","templated":true}]}}